git of 2/(-6)*0 - -66?
6
Suppose -5*y - 3*f = -f - 33, f + 21 = 5*y. Let q = y - 1. Suppose 3*t + q*o - 24 = 2*t, -5*t - 5*o = -60. What is the units digit of t?
8
Let l be (-3 - -27)/4 + -4. Suppose -l*y = y - 93. What is the units digit of y?
1
What is the units digit of 159/(-4 - -7) + 2?
5
Let t(m) = -m + 2. Let u be t(-3). Suppose 21 = -4*f + 5*w, -3*w - 9 = 2*f + f. Let b = f + u. What is the units digit of b?
1
What is the units digit of -2 - -5 - (5 - 3)?
1
Let r = 81 - 48. What is the units digit of r?
3
Let c = 54 - 131. Let s = c - -111. What is the units digit of s?
4
Suppose -4*l - 18 = -5*l. What is the units digit of l?
8
Suppose -3*r = 2*u, 9 + 10 = 5*u - 2*r. Suppose 4*l - u*l + 4*q = -20, 20 = -4*q. Let c = 1 - l. What is the units digit of c?
1
Let q(c) be the third derivative of -c**5/60 + c**4/12 + c**3/6 - 4*c**2. Let i be q(-2). Let l(g) = -g**2 - 7*g + 6. What is the units digit of l(i)?
6
Suppose 3*m = -4*n - m + 20, -15 = -3*n + 3*m. What is the units digit of n?
5
Let c(r) = 7*r**2 - 1. Let i be c(1). Suppose -8 = -5*b - 4*x, -2*b - 3 - 4 = 5*x. Let u = b + i. What is the tens digit of u?
1
Suppose -2*v + 47 = 9. Let s = v + -9. What is the units digit of s?
0
Let l be (-5)/(-15) - (-37)/(-3). What is the units digit of ((-6)/8)/(3/l)?
3
Let p be 2*((-4)/1 - 2). What is the units digit of (-1)/6 - 326/p?
7
Suppose -5*k + 48 = -2*k. What is the tens digit of 2/(2/3) + k?
1
Suppose 96 = 4*g - 0*g. Suppose -4*d + 4 + g = 0. What is the units digit of d?
7
Suppose -5*k + 3*u + 186 = 0, 0 = -3*k + 2*k - 5*u + 26. What is the units digit of (k/8)/(1/2)?
9
Suppose 0 = j + 4, -2*j + 14 = 3*o + 2*j. What is the units digit of o?
0
Suppose 0*p + 3*p - 225 = 0. Let o = p + -44. What is the units digit of o?
1
Suppose 4*j = b + 164, -3*j - 4*b = -58 - 65. What is the units digit of j?
1
Let t = 200 + -120. Suppose 6*i - t = 2*i + 3*h, -4 = h. What is the units digit of i?
7
Suppose -4*o - 72 = -10*o. What is the units digit of o?
2
Let d(x) be the third derivative of -x**5/60 + 7*x**4/24 + 3*x**3/2 + 4*x**2. Suppose -j - 3*p - 22 = -5*j, p + 5 = j. What is the units digit of d(j)?
9
Suppose -5*s = -2*t + 3*t - 3, 5*t = 3*s - 13. Let z be (8/10)/(2/(-20)). What is the units digit of (t - (z + 2))/1?
4
Let u(g) = g**2 + 13 + 0*g**2 + 4 - g. What is the tens digit of u(0)?
1
Let g = -346 + 507. What is the hundreds digit of g?
1
Let i(z) = -2*z + 0*z**2 - z**2 + 0*z**2 + 3. Let n be i(-3). Suppose n = -p - 3*p - f - 1, -4*p = -2*f - 14. What is the units digit of p?
1
Let p(k) be the third derivative of k**5/60 - k**4/8 + k**3 + k**2. Let x be p(6). What is the units digit of (16/x)/((-1)/(-3))?
2
Suppose -17 = 2*q + 4*i + 7, -4*q + 5*i = -17. Let j = q + 3. What is the units digit of j?
1
Suppose r + 32 = 3*r. Let o = 25 - r. What is the units digit of o?
9
Let c = -64 - -100. What is the units digit of c?
6
Let j = 11 - 7. Suppose j*z - 5*l - 135 = -z, 5*l = -20. Suppose -u + z = -4*m, 7*m + 37 = 4*u + 2*m. What is the units digit of u?
3
What is the tens digit of 127*(0 - (-8 + -1)/3)?
8
Suppose 0 = -m + 11. Suppose 3*o + 3*y = 0, 0*y + 25 = -4*o + y. Let j = m + o. What is the units digit of j?
6
Suppose -2*q + 3*x = -135 - 416, 0 = 2*q + 4*x - 516. What is the hundreds digit of q?
2
What is the units digit of 28/98 + (-26)/(-7)?
4
What is the tens digit of ((-15)/(-9))/(2/12)?
1
Let l(h) = 2*h - 1. Suppose 0 = -i - 2*m + 4, 3*m + 0*m = -i + 2. Let y be l(i). Let p = y - 11. What is the units digit of p?
4
Let r be 1*(-2 + (3 - -2)). Suppose -5 = r*w - 17. Let k = w - -1. What is the units digit of k?
5
Let u be (-3 - -3)/(-2) + 3. Suppose -41 = -u*t + 2*p, -2*p - 8 = -0*p. What is the tens digit of t?
1
Let u(i) = -i**3 - 7*i**2 - i - 5. Let f be u(-7). Suppose 5*k + 2*d = 45, 4*k - f*k = 5*d - 11. What is the units digit of 2/(-12) - k/(-6)?
1
Suppose -34 - 41 = -3*i. What is the units digit of i?
5
Let n = -20 - -26. What is the units digit of n?
6
Let t(k) = -2*k**3 + 6*k**2 - 6*k + 6. Let f(m) = -m**2 + m - 1. Let n(i) = -12*f(i) - 2*t(i). Let s be n(1). Let g = s - 0. What is the units digit of g?
4
Let a(w) = 4*w**2 - 2*w - 2. Let s be a(-2). Suppose 0 = 4*n - 10 - 6. What is the units digit of (s/n)/(9/12)?
6
Let k = 114 - 66. What is the units digit of k?
8
Let t(a) = 2*a**3 - a**2 - 2*a. Suppose 2*j + 0 = 4. What is the units digit of t(j)?
8
Let w(o) = -o - 15. Let s be w(-12). What is the units digit of s/(-2)*20/6?
5
Suppose 0*h - 2*h + k + 4 = 0, -h + k + 2 = 0. Suppose 4*d = h*x - 38, 0 = x - d - 3*d - 27. What is the units digit of x?
1
Let k(v) = -8*v + 5. Let t(j) = -9*j + 6. Let f(n) = -7*k(n) + 6*t(n). What is the tens digit of f(5)?
1
Suppose 2*y + 5 - 13 = 0. Suppose -10 + 26 = y*q. What is the units digit of q?
4
Suppose 0 = -2*b - 0*b + 92. What is the units digit of b?
6
Let y(o) = o**2 + 3. Let l be y(0). Suppose 0 = l*d - d + 46. Let w = 33 + d. What is the tens digit of w?
1
Suppose -2*n - 2*u - 21 = 3*u, -4*u = 4*n + 24. Suppose 5*f - 40 = -0. Let s = f + n. What is the units digit of s?
5
Let f(r) = r**2 - 2*r - 49. What is the hundreds digit of f(18)?
2
Suppose 8*j - 13*j + 145 = 0. What is the tens digit of j?
2
Let s = 6 - 2. Suppose -4*h - 4 + 16 = 4*z, -4 = 4*h - s*z. What is the units digit of h?
1
Suppose -52*z + 57*z - 340 = 0. What is the tens digit of z?
6
Let r(s) = 5*s. Let v be r(3). What is the tens digit of ((-35)/v)/(4/(-48))?
2
Let p(k) = -k**2 - 5*k + 2. Let s be p(-5). Let m be s/(-4)*-6 + 0. What is the units digit of (-6)/((-1)/(4/m))?
8
Let a(r) = r - 2. Let g be a(4). Suppose 0*u = -2*u + g. What is the units digit of 9/6 - u/(-2)?
2
Suppose 0*k - 4*k + 16 = 0. Let w(a) = 0 + 0*a**2 + 0 - k + 2*a**2 + 2*a. What is the units digit of w(-4)?
0
Suppose 0 = -5*a - 0*a + 25. Suppose -a*p + 75 = 4*m, -6*p + m = -2*p - 81. What is the tens digit of p?
1
Suppose -3*u = 3*u - 606. What is the tens digit of u?
0
Suppose 0 = -3*l - 2*l + 4*p + 1291, 2*l - 520 = -2*p. What is the hundreds digit of l?
2
Let i(d) be the second derivative of d**5/20 + 2*d**4/3 + 2*d**3/3 - 3*d**2 - 2*d. Let u be i(-6). Suppose -c + u = c. What is the tens digit of c?
2
Suppose -h + 6 = 2*n, 0 = 5*h - n - 27 - 36. What is the units digit of 5*(-2 - h/(-5))?
2
Let f be (-3)/((-6)/(-2)) - 5. Let g be 112/2 + 4 + f. Let v = -33 + g. What is the units digit of v?
1
Let j(c) = 14*c + 3. What is the units digit of j(2)?
1
Suppose 5*y = 2*y + 6. Let x be 17 + -2 + y/1. Suppose -3*u - x = -4*g, -2*u + 2*g - 11 = -3. What is the units digit of u?
1
Suppose -7*v + v + 66 = 0. What is the tens digit of v?
1
Let g(c) = -c - 1. Let i be g(-3). What is the units digit of i/4*(-2 - -4)?
1
Suppose -4*r + 20 = r. Suppose 0 = -0*z - z + r. What is the units digit of z?
4
Suppose -8*k = -3*k - 90. What is the units digit of k?
8
Let i(u) = 37*u + 1. What is the units digit of i(1)?
8
Let l(m) = -28*m. Let h be l(-1). Suppose 5*t - 87 - h = 0. What is the units digit of t?
3
Suppose 0*c = c - 6. Let k = c + 11. What is the tens digit of k?
1
Suppose 12 = 4*p - 0*p. Suppose 4*d - 17 = p. Let g(z) = -z + 6. What is the units digit of g(d)?
1
Suppose 0*r + 67 = 2*p - 3*r, -4*r = 3*p - 92. What is the tens digit of p?
3
Let v be (-2261)/(-35) + 4/10. Suppose v = 6*j - j. What is the units digit of j?
3
Let c(f) = f + 4. Let k be c(-3). Let x be k/(-5) + (-336)/(-30). Let n = x - 5. What is the units digit of n?
6
Let k(i) be the third derivative of i**4/24 + 2*i**3/3 + 3*i**2. Let w be k(-4). Suppose w = p + 2*p - 12. What is the units digit of p?
4
Let c(f) = -f**2 + 6*f + 5. Suppose 3*k - 2*a = -2, 12 = -k + 4*a - 2. Suppose k*y = y + 6. What is the units digit of c(y)?
5
Let j(f) = -7*f**3 + 2*f**2 - 1. Let m be j(1). Let g = -5 - m. What is the units digit of g?
1
Suppose 24 + 24 = 4*d. What is the units digit of d?
2
Suppose -3*v - 9 = 0, v + 2*v = 5*a - 449. What is the tens digit of a?
8
Suppose 3*f - 2*f = 4. What is the tens digit of f/(-10) - (-3528)/70?
5
Let m = 162 + -36. What is the hundreds digit of m?
1
Let p(t) = -t**2 - 6*t. Let w(i) = 4*i**3 - 2*i + 1. Let k be w(1). Let o = -1 - k. What is the units digit of p(o)?
8
Suppose 0 = -67*o + 62*o + 265. What is the units digit of o?
3
Suppose 0 = -5*m + 3*m + 2. 